 of a and t?
27
Let f be 63/5 - (-1)/(25/10). Let i be f/(((-42)/(-12))/7). What is the greatest common divisor of i and 39?
13
Let y(i) = -4*i**2 - 19*i - 26. Let b be y(-4). Let c be (-539)/b - 5 - 6/(-4). Calculate the highest common divisor of 5 and c.
5
Suppose 9*o - 12 = 6. Suppose -o*q + 7 = 1. Suppose -3*y - d + 815 = -0*y, q*y = 5*d + 785. What is the highest common factor of y and 30?
30
Let r(i) = -10*i - 67. Let g be r(-7). Let z be (g - 12/8)/((-6)/920). Let d be (-4 + z/(-8))/(3/12). What is the highest common divisor of d and 33?
33
Suppose -4*z + 419 = 5*q, -2*z - 3*q = -4*z + 237. Let g = -43 + z. Let h = -64 + g. What is the highest common factor of 12 and h?
4
Let a(z) = -79*z + 1125. Let c be a(6). Calculate the greatest common divisor of 279 and c.
93
Let h be (61/((-10248)/(-126)))/(3/8792). What is the greatest common factor of h and 126?
14
Let i be (-18 - -8)*-2 + 16414. What is the greatest common divisor of 198 and i?
198
Let h be 111/21 - (-4)/(-14). Suppose -4*m = -2*c + 6, -5*c + 5*m + 15 = -c. Let t be (0 + -7 + c)/((-1)/10). What is the greatest common divisor of h and t?
5
Let y(f) = -f**3 - 6*f**2 + 16*f + 15. Let l be y(-8). Let g(p) = 210*p - 105. Let m be g(1). Calculate the greatest common factor of m and l.
15
Suppose 161 - 5 = -4*n - 4*w, 2*n = 4*w - 108. Let t = n + 46. Let q be (7 - 1)/(2/t). Calculate the highest common divisor of q and 78.
6
Let i(m) = m**2 - 100*m + 1971. Let s be i(75). Calculate the highest common divisor of 3504 and s.
48
Suppose -26*n - 46852 = -79*n. Calculate the greatest common divisor of 52 and n.
52
Let z be (-12)/24*(37 - -1). Let v = z + 40. Let t be 2/(-2) + (117 - 11). What is the highest common factor of t and v?
21
Suppose 0 = -240*g - 14*g + 762. Calculate the highest common factor of 951 and g.
3
Let h be 242 - ((-872)/(-88) - (-4)/44). What is the highest common divisor of h and 104?
8
Let h(w) = -3979*w - 429. Let a be h(-3). What is the greatest common divisor of a and 96?
12
Suppose -9*x = -5*t - 8*x + 3525, 0 = -4*t + x + 2821. What is the greatest common divisor of t and 220?
44
Let c = 223 - 228. Let t be ((-18)/(-4)*c)/((-2)/8). Calculate the highest common factor of t and 36.
18
Let b be 4880/56 - (2 + (-104)/56). Calculate the highest common factor of b and 319.
29
Suppose -4*f + 16 = -u + 60, 3*f - 42 = -3*u. What is the highest common factor of 6725 and u?
5
Suppose -92*z - 42224 = -295*z. What is the highest common divisor of 364 and z?
52
Let m = -21 - -11. Let s = m + 9. Let a be 272 + 0 + (-8)/(-2) + s. What is the greatest common factor of 25 and a?
25
Let y = -158 + 194. Suppose 20 = 2*k - y. Calculate the greatest common divisor of 42 and k.
14
Let c(y) = -y**2 - 37*y + 99. Let d be c(-16). Suppose 0 = -7*j + 22*j - d. Calculate the highest common divisor of j and 29.
29
Let t be 445/623 - (-30984)/7. Calculate the highest common factor of 152 and t.
19
Let p be 18617/7 - (-32)/(-56). Let v = p + -1831. What is the highest common divisor of 36 and v?
36
Let b be ((-4)/5)/(12/(-570)). Suppose -2*m + 16*m - 42 = 0. Suppose 0*g - i = -5*g + 190, -g = m*i - b. Calculate the highest common divisor of g and 57.
19
Let z = 6298 + -5898. Calculate the highest common factor of 25 and z.
25
Let c(b) = -103*b + 4683. Let g be c(11). What is the highest common divisor of g and 426?
142
Suppose -29*r - 1568 = -78*r. What is the highest common divisor of 4864 and r?
32
Let b be ((-37)/1)/((-92)/920). What is the highest common divisor of 3848 and b?
74
Let p = -257 + 553. Let b = -206 + p. What is the highest common divisor of b and 585?
45
Suppose 4*k - 144 = -5*b, 5*k - 2*b - 108 = 2*k. Calculate the highest common factor of k and 657.
9
Suppose 2*p = 3*c - 8255 + 648, -3*c - 5*p = -7621. What is the greatest common divisor of c and 344?
43
Suppose 660325 = 63*s + 56533. Calculate the greatest common divisor of 48 and s.
16
Let n(d) = -4*d**2 + 49*d + 8975. Let h be n(0). Calculate the highest common divisor of 25 and h.
25
Suppose -c - 21 = -5*n + n, 0 = n - c - 6. Suppose -85 = -t - 5*r, 102*r + 337 = n*t + 105*r. Calculate the greatest common divisor of 845 and t.
65
Suppose -4*m - 48 = 2*s - 40, -2*s - 3*m - 5 = 0. Suppose s*p - 668 = -4*x - 62, x + p = 151. What is the highest common divisor of 24 and x?
8
Let h = 3688 - 3592. What is the highest common divisor of h and 1176?
24
Let u(w) = -696*w - 680. Let q be u(-11). What is the greatest common factor of q and 109?
109
Suppose 5*s - 2*m = 1291, 3*s - 3*m = 675 + 96. Calculate the highest common divisor of s and 490.
7
Suppose -l = 3*b - b + 34, 0 = 3*b - 3*l + 51. Let u = b + 19. Suppose 7*w = -3*s + 4*w + 117, 0 = -u*w - 2. Calculate the highest common factor of 60 and s.
20
Let d(x) = 3*x + 38. Suppose -2*v + 85 - 111 = 0. Let c be d(v). Let q be (-3 - -4 - 6)/(c/4). Calculate the highest common factor of q and 8.
4
Suppose 4*d + 2*b = 4, 0 = -4*d - 3*b + 2 + 6. Let g be (1 - 6)*((-3)/d - -5). Let v be ((-30)/g)/(3/144). Calculate the greatest common divisor of 27 and v.
9
Suppose 0*x + 10 = -2*x + v, x = 5*v - 5. Let p be (-162)/(-11 - x) - 5. Calculate the greatest common divisor of p and 209.
11
Let h be 2 - (-2 - -4 - 20). Let g be 425/h + (-1)/4. Let w be 69 + -68 + -1*1 + 27/9. What is the highest common factor of g and w?
3
Let o = 22460 - 21811. What is the highest common divisor of 1121 and o?
59
Suppose 0 = 3*g + 2*n - 233, -20 = 372*n - 377*n. What is the highest common divisor of 1075 and g?
25
Let t be ((-1064)/114)/(6/8 - (-55)/(-60)). Let f = -226 - -338. Calculate the highest common factor of t and f.
56
Suppose -3*p + 5 = 2. Let k be (p/1)/(14/154). Suppose 4*u = n + u - 21, -u = -4*n + 128. Calculate the highest common factor of k and n.
11
Let d(p) = -150*p + 112. Let f be d(9). Let t be 8*(6 - (-54)/(-8)) - f. Calculate the greatest common divisor of t and 14.
14
Suppose -3*l = 2*d - 1925, -l - 54*d + 55*d = -650. What is the highest common divisor of 120 and l?
15
Let s be (0/((-2 - -1)/(-1)))/1. Suppose 0 = 3*w - s*w - 3*k - 648, -5*k + 1120 = 5*w. Calculate the greatest common divisor of w and 20.
20
Suppose 511 = 18*m - 25*m. Let r = m + 79. Suppose 0 = -j + y + r, 3*y = -y - 16. What is the greatest common divisor of j and 4?
2
Let y be (4 + (-126)/35)*-10. Suppose -4*k - k = 2*w + 22, 3*w = -5*k - 28. Let q be y*(-4)/48*-3 - w. Calculate the greatest common divisor of q and 45.
5
Suppose -2*l + 8*v = 4*v - 306, 5*l = 4*v + 765. Let h be (-3)/(-12) - 284/(-16). Calculate the highest common factor of l and h.
9
Let n be (-177)/(-12) - 3/4. Suppose -6 = -3*g - 18. Let h be 7/(-1*g/16) + 0. Calculate the greatest common divisor of n and h.
14
Let i be 6/10 + (-36)/(-15). Suppose i*n = -4*n + 2*n. Let s(c) = c**2 - 4*c + 45. Let r be s(n). What is the greatest common factor of 18 and r?
9
Let r(i) = 2*i**3 + 20*i**2 - 57*i + 8. Let j be r(3). Calculate the highest common factor of j and 3834.
71
Suppose 14 = -16*z + 18*z. Suppose f = z*f. Suppose 2*u = -4*d + 16, 0 = d + 3 - f. Calculate the highest common divisor of u and 28.
14
Suppose -195*i + 190*i - 15 = 5*n, 5*n + 35 = 0. Let v = 800 + -564. What is the highest common divisor of i and v?
4
Let c be 340 + 1 - (1 + -1). Let j(r) = r**3 - 7*r**2 + 9*r - 26. Let i be j(9). Suppose 6*s + s = i. Calculate the greatest common factor of s and c.
31
Suppose 3477 = 39*a - 129786. What is the highest common factor of a and 51?
51
Let u be ((-1)/(-8)*166)/(339/1356). What is the highest common divisor of 12533 and u?
83
Let s be (1012/(-966) + 2/(-7))*3 - -26731. What is the highest common divisor of s and 354?
177
Let k = -676 - -819. Let b be -20 - (-1)/((-4)/(-4)). Let f = -8 - b. Calculate the highest common divisor of f and k.
11
Let i be (-1 - -5426) + 200 + -189. Calculate the greatest common divisor of 36 and i.
36
Let o be 163 + (1 + 1 - 3). Let m = -9 + 10. Let d(l) = 19*l**2 - 2*l + 1. Let q be d(m). Calculate the highest common factor of q and o.
18
Let c = -22900 - -23542. Calculate the highest common divisor of c and 18832.
214
Suppose -4005 = 7*s + 2*s. Let b = s - -453. Suppose -u + 4 = 0, -5*x + 175 = -5*u + 35. What is the greatest common factor of x and b?
8
Suppose -5*f = -9*f - 4*d + 1268, -3*f + 946 = 2*d. S